{"id":24233,"date":"2022-08-19T13:04:17","date_gmt":"2022-08-19T11:04:17","guid":{"rendered":"https:\/\/feuerwehrarpke.de\/WordPress_02\/?page_id=24233"},"modified":"2024-04-26T11:33:17","modified_gmt":"2024-04-26T09:33:17","slug":"kinderfeuerwehr","status":"publish","type":"page","link":"https:\/\/feuerwehrarpke.de\/WordPress_02\/kinderfeuerwehr\/","title":{"rendered":"KinderFeuerwehr"},"content":{"rendered":"<div id=\"themify_builder_content-24233\" data-postid=\"24233\" class=\"themify_builder_content themify_builder_content-24233 themify_builder\">\n    \t<!-- module_row -->\n\t<div  class=\"themify_builder_row module_row clearfix module_row_0 themify_builder_24233_row module_row_24233-0 tb_lni0881\">\n\t    \t    <div class=\"row_inner col_align_top\" >\n\t\t\t<div  class=\"module_column tb-column col-full first tb_24233_column module_column_0 module_column_24233-0-0 tb_kbqe882\">\n\t    \t    \t        <div class=\"tb-column-inner\">\n\t\t            <!-- module fancy heading -->\n    <div  class=\"module module-fancy-heading tb_27oq86  \">\n\t        <h3 class=\"fancy-heading tb-align-center\">\n        <span  class=\"main-head\">\n            Arpker Feuerwehrdrachen        <\/span>\n        <span class=\"sub-head\">\n            Kinderfeuerwehr        <\/span>\n\n        <\/h3>\n    <\/div>\n    <!-- \/module fancy heading -->\n\t        <\/div>\n\t    \t<\/div>\n\t\t    <\/div>\n\t    <!-- \/row_inner -->\n\t<\/div>\n\t<!-- \/module_row -->\n\t\t<!-- module_row -->\n\t<div  class=\"themify_builder_row module_row clearfix module_row_1 themify_builder_24233_row module_row_24233-1 tb_k78h286\">\n\t    \t    <div class=\"row_inner col_align_top\" >\n\t\t\t<div  class=\"module_column tb-column col-full first tb_24233_column module_column_0 module_column_24233-1-0 tb_d1c6288\">\n\t    \t    \t        <div class=\"tb-column-inner\">\n\t\t    <!-- module text -->\n<div  class=\"module module-text tb_d5vc223  repeat  \">\n            <div  class=\"tb_text_wrap\">\n    <p style=\"text-align: center;\">Wir, die Arpker Feuerwehrdrachen, wurden am 29. Mai 2010 auf dem Arpker Dorffest gegr\u00fcndet.<\/p>\n<p style=\"text-align: center;\">Seitdem besch\u00e4ftigen wir uns damit, den Kindern im Alter zwischen 6 und 10 Jahren, auf spielerische Weise spannendes und lehrreiches Wissen \u00fcber die Feuerwehr zu vermitteln.<\/p>\n<p style=\"text-align: center;\">Au\u00dferdem steht bei uns das WIR im Vordergrund, sowie Kameradschaft und der Teamgedanke um nicht nur auf die Jugend- und aktive Feuerwehr vorzubereiten, sondern auch f\u00fcr die Teambildung au\u00dferhalb der Feuerwehr im Alltag.<\/p>\n<div class=\"more-text\" style=\"text-align: center;\">\n<p style=\"text-align: center;\">Wir freuen uns auch DICH bald als Feuerdrachen in unserem Team begr\u00fc\u00dfen zu d\u00fcrfen!<\/p>\n<p style=\"text-align: center;\">Die Dienste der Feuerdrachen finden alle 14 Tage montags von 17 \u2013 18.30 Uhr statt.<\/p>\n<p style=\"text-align: center;\">(Schau einfach hier im Kalender oder im Schaukasten an der Feuerwehr)<\/p>\n<\/div>    <\/div>\n<\/div>\n<!-- \/module text -->\n\t        <\/div>\n\t    \t<\/div>\n\t\t    <\/div>\n\t    <!-- \/row_inner -->\n\t<\/div>\n\t<!-- \/module_row -->\n\t\t<!-- module_row -->\n\t<div  class=\"themify_builder_row module_row clearfix module_row_2 themify_builder_24233_row module_row_24233-2 tb_lnmr120\">\n\t    \t    <div class=\"row_inner col_align_top\" >\n\t\t\t<div  class=\"module_column tb-column col-full first tb_24233_column module_column_0 module_column_24233-2-0 tb_3139121\">\n\t    \t    \t        <div class=\"tb-column-inner\">\n\t\t        <div class=\"tb_slider_loader\"><\/div>\n    <div  class=\"module clearfix themify_builder_slider_wrap module-slider tb_96d1992  slider-default   \">\n\t                <ul class=\"themify_builder_slider\"\n\t    data-id=\"tb_96d1992\"\n            data-visible=\"1\"\n            data-mob-visible=\"1\"\n            data-scroll=\"1\" \n            data-auto-scroll=\"5\"\n            data-speed=\"1\"\n            data-wrap=\"yes\"\n            data-arrow=\"yes\"\n            data-pagination=\"yes\"\n            data-effect=\"scroll\" \n            data-height=\"variable\"\n            data-pause-on-hover=\"resume\"\n            data-play-controller=\"no\"\n            data-horizontal=\"no\"\n            >\n                    <!-- module slider image -->\n\n                    <li>\n            <div class=\"slide-inner-wrap\">\n                                    <div class=\"slide-image\">\n                                                                            <img loading=\"lazy\" decoding=\"async\" src=\"https:\/\/feuerwehrarpke.de\/WordPress_02\/wp-content\/uploads\/2020\/04\/KFW8-800x400.jpg\" width=\"800\" height=\"400\" class=\" wp-post-image wp-image-22862\" alt=\"KFW8\" srcset=\"https:\/\/feuerwehrarpke.de\/WordPress_02\/wp-content\/uploads\/2020\/04\/KFW8-800x400.jpg 800w, https:\/\/feuerwehrarpke.de\/WordPress_02\/wp-content\/uploads\/2020\/04\/KFW8-600x300.jpg 600w\" sizes=\"auto, (max-width: 800px) 100vw, 800px\" \/>                                            <\/div><!-- \/slide-image -->\n                \n                            <\/div>\n        <\/li>\n                    <li>\n            <div class=\"slide-inner-wrap\">\n                                    <div class=\"slide-image\">\n                                                                            <img loading=\"lazy\" decoding=\"async\" src=\"https:\/\/feuerwehrarpke.de\/WordPress_02\/wp-content\/uploads\/2020\/04\/KFW7-800x400.jpg\" width=\"800\" height=\"400\" class=\" wp-post-image wp-image-22861\" alt=\"KFW7\" srcset=\"https:\/\/feuerwehrarpke.de\/WordPress_02\/wp-content\/uploads\/2020\/04\/KFW7-800x400.jpg 800w, https:\/\/feuerwehrarpke.de\/WordPress_02\/wp-content\/uploads\/2020\/04\/KFW7-600x300.jpg 600w\" sizes=\"auto, (max-width: 800px) 100vw, 800px\" \/>                                            <\/div><!-- \/slide-image -->\n                \n                            <\/div>\n        <\/li>\n                    <li>\n            <div class=\"slide-inner-wrap\">\n                                    <div class=\"slide-image\">\n                                                                            <img loading=\"lazy\" decoding=\"async\" src=\"https:\/\/feuerwehrarpke.de\/WordPress_02\/wp-content\/uploads\/2020\/04\/KFW1-1024x768-800x400.jpg\" width=\"800\" height=\"400\" class=\" wp-post-image wp-image-22852\" alt=\"KFW1\" \/>                                            <\/div><!-- \/slide-image -->\n                \n                            <\/div>\n        <\/li>\n                    <li>\n            <div class=\"slide-inner-wrap\">\n                                    <div class=\"slide-image\">\n                                                                            <img loading=\"lazy\" decoding=\"async\" src=\"https:\/\/feuerwehrarpke.de\/WordPress_02\/wp-content\/uploads\/2020\/04\/KFW5-800x400.jpg\" width=\"800\" height=\"400\" class=\" wp-post-image wp-image-22856\" alt=\"KFW5\" \/>                                            <\/div><!-- \/slide-image -->\n                \n                            <\/div>\n        <\/li>\n                    <li>\n            <div class=\"slide-inner-wrap\">\n                                    <div class=\"slide-image\">\n                                                                            <img loading=\"lazy\" decoding=\"async\" src=\"https:\/\/feuerwehrarpke.de\/WordPress_02\/wp-content\/uploads\/2020\/04\/KFW-1024x768-800x400.jpg\" width=\"800\" height=\"400\" class=\" wp-post-image wp-image-22851\" alt=\"KFW\" \/>                                            <\/div><!-- \/slide-image -->\n                \n                            <\/div>\n        <\/li>\n                    <li>\n            <div class=\"slide-inner-wrap\">\n                                    <div class=\"slide-image\">\n                                                                            <img loading=\"lazy\" decoding=\"async\" src=\"https:\/\/feuerwehrarpke.de\/WordPress_02\/wp-content\/uploads\/2020\/04\/KFW2-800x400.jpg\" width=\"800\" height=\"400\" class=\" wp-post-image wp-image-22853\" alt=\"KFW2\" \/>                                            <\/div><!-- \/slide-image -->\n                \n                            <\/div>\n        <\/li>\n                    <li>\n            <div class=\"slide-inner-wrap\">\n                                    <div class=\"slide-image\">\n                                                                            <img loading=\"lazy\" decoding=\"async\" src=\"https:\/\/feuerwehrarpke.de\/WordPress_02\/wp-content\/uploads\/2020\/04\/KFW3-800x400.jpg\" width=\"800\" height=\"400\" class=\" wp-post-image wp-image-22854\" alt=\"KFW3\" \/>                                            <\/div><!-- \/slide-image -->\n                \n                            <\/div>\n        <\/li>\n                    <li>\n            <div class=\"slide-inner-wrap\">\n                                    <div class=\"slide-image\">\n                                                                            <img loading=\"lazy\" decoding=\"async\" src=\"https:\/\/feuerwehrarpke.de\/WordPress_02\/wp-content\/uploads\/2020\/04\/KFW4-800x400.jpg\" width=\"800\" height=\"400\" class=\" wp-post-image wp-image-22855\" alt=\"KFW4\" \/>                                            <\/div><!-- \/slide-image -->\n                \n                            <\/div>\n        <\/li>\n            <\/ul>\n    <\/div>\n        \t        <\/div>\n\t    \t<\/div>\n\t\t    <\/div>\n\t    <!-- \/row_inner -->\n\t<\/div>\n\t<!-- \/module_row -->\n\t<\/div>\n\n","protected":false},"excerpt":{"rendered":"<p>Wir, die Arpker Feuerwehrdrachen, wurden am 29. Mai 2010 auf dem Arpker Dorffest gegr\u00fcndet. Seitdem besch\u00e4ftigen wir uns damit, den Kindern im Alter zwischen 6 und 10 Jahren, auf spielerische [&hellip;]<\/p>\n","protected":false},"author":50,"featured_media":0,"parent":0,"menu_order":0,"comment_status":"closed","ping_status":"closed","template":"","meta":{"footnotes":""},"class_list":["post-24233","page","type-page","status-publish","hentry","has-post-title","has-post-date","has-post-category","has-post-tag","has-post-comment","has-post-author",""],"yoast_head":"<!-- This site is optimized with the Yoast SEO plugin v27.4 - https:\/\/yoast.com\/product\/yoast-seo-wordpress\/ -->\n<title>KinderFeuerwehr - Feuerwehr Arpke<\/title>\n<meta name=\"description\" content=\"Mit den Arpker Feuerwehrdrachen lernen Kinder zwischen 6 und 10 Jahren spielerisch spannendes Wissen \u00fcber die Feuerwehr! Spa\u00df garantiert!\" \/>\n<meta name=\"robots\" content=\"index, follow, max-snippet:-1, max-image-preview:large, max-video-preview:-1\" \/>\n<link rel=\"canonical\" href=\"https:\/\/feuerwehrarpke.de\/WordPress_02\/kinderfeuerwehr\/\" \/>\n<meta property=\"og:locale\" content=\"de_DE\" \/>\n<meta property=\"og:type\" content=\"article\" \/>\n<meta property=\"og:title\" content=\"KinderFeuerwehr - Feuerwehr Arpke\" \/>\n<meta property=\"og:description\" content=\"Mit den Arpker Feuerwehrdrachen lernen Kinder zwischen 6 und 10 Jahren spielerisch spannendes Wissen \u00fcber die Feuerwehr! Spa\u00df garantiert!\" \/>\n<meta property=\"og:url\" content=\"https:\/\/feuerwehrarpke.de\/WordPress_02\/kinderfeuerwehr\/\" \/>\n<meta property=\"og:site_name\" content=\"Feuerwehr Arpke\" \/>\n<meta property=\"article:publisher\" content=\"https:\/\/www.facebook.com\/ffarpke\" \/>\n<meta property=\"article:modified_time\" content=\"2024-04-26T09:33:17+00:00\" \/>\n<meta property=\"og:image\" content=\"https:\/\/feuerwehrarpke.de\/WordPress_02\/wp-content\/uploads\/2020\/04\/10712998_632939373479388_5669404394641876392_n-1.jpg\" \/>\n\t<meta property=\"og:image:width\" content=\"500\" \/>\n\t<meta property=\"og:image:height\" content=\"500\" \/>\n\t<meta property=\"og:image:type\" content=\"image\/jpeg\" \/>\n<meta name=\"twitter:label1\" content=\"Gesch\u00e4tzte Lesezeit\" \/>\n\t<meta name=\"twitter:data1\" content=\"3\u00a0Minuten\" \/>\n<script type=\"application\/ld+json\" class=\"yoast-schema-graph\">{\"@context\":\"https:\\\/\\\/schema.org\",\"@graph\":[{\"@type\":\"WebPage\",\"@id\":\"https:\\\/\\\/feuerwehrarpke.de\\\/WordPress_02\\\/kinderfeuerwehr\\\/\",\"url\":\"https:\\\/\\\/feuerwehrarpke.de\\\/WordPress_02\\\/kinderfeuerwehr\\\/\",\"name\":\"KinderFeuerwehr - Feuerwehr Arpke\",\"isPartOf\":{\"@id\":\"https:\\\/\\\/feuerwehrarpke.de\\\/WordPress_02\\\/#website\"},\"datePublished\":\"2022-08-19T11:04:17+00:00\",\"dateModified\":\"2024-04-26T09:33:17+00:00\",\"description\":\"Mit den Arpker Feuerwehrdrachen lernen Kinder zwischen 6 und 10 Jahren spielerisch spannendes Wissen \u00fcber die Feuerwehr! Spa\u00df garantiert!\",\"breadcrumb\":{\"@id\":\"https:\\\/\\\/feuerwehrarpke.de\\\/WordPress_02\\\/kinderfeuerwehr\\\/#breadcrumb\"},\"inLanguage\":\"de\",\"potentialAction\":[{\"@type\":\"ReadAction\",\"target\":[\"https:\\\/\\\/feuerwehrarpke.de\\\/WordPress_02\\\/kinderfeuerwehr\\\/\"]}]},{\"@type\":\"BreadcrumbList\",\"@id\":\"https:\\\/\\\/feuerwehrarpke.de\\\/WordPress_02\\\/kinderfeuerwehr\\\/#breadcrumb\",\"itemListElement\":[{\"@type\":\"ListItem\",\"position\":1,\"name\":\"Startseite\",\"item\":\"https:\\\/\\\/feuerwehrarpke.de\\\/WordPress_02\\\/\"},{\"@type\":\"ListItem\",\"position\":2,\"name\":\"KinderFeuerwehr\"}]},{\"@type\":\"WebSite\",\"@id\":\"https:\\\/\\\/feuerwehrarpke.de\\\/WordPress_02\\\/#website\",\"url\":\"https:\\\/\\\/feuerwehrarpke.de\\\/WordPress_02\\\/\",\"name\":\"Feuerwehr Arpke\",\"description\":\"Homepage der Feuerwehr Arpke\",\"publisher\":{\"@id\":\"https:\\\/\\\/feuerwehrarpke.de\\\/WordPress_02\\\/#organization\"},\"potentialAction\":[{\"@type\":\"SearchAction\",\"target\":{\"@type\":\"EntryPoint\",\"urlTemplate\":\"https:\\\/\\\/feuerwehrarpke.de\\\/WordPress_02\\\/?s={search_term_string}\"},\"query-input\":{\"@type\":\"PropertyValueSpecification\",\"valueRequired\":true,\"valueName\":\"search_term_string\"}}],\"inLanguage\":\"de\"},{\"@type\":\"Organization\",\"@id\":\"https:\\\/\\\/feuerwehrarpke.de\\\/WordPress_02\\\/#organization\",\"name\":\"Feuerwehr Arpke\",\"url\":\"https:\\\/\\\/feuerwehrarpke.de\\\/WordPress_02\\\/\",\"logo\":{\"@type\":\"ImageObject\",\"inLanguage\":\"de\",\"@id\":\"https:\\\/\\\/feuerwehrarpke.de\\\/WordPress_02\\\/#\\\/schema\\\/logo\\\/image\\\/\",\"url\":\"https:\\\/\\\/feuerwehrarpke.de\\\/WordPress_02\\\/wp-content\\\/uploads\\\/2019\\\/12\\\/Logo_Feuerwehr_Lehrte.png\",\"contentUrl\":\"https:\\\/\\\/feuerwehrarpke.de\\\/WordPress_02\\\/wp-content\\\/uploads\\\/2019\\\/12\\\/Logo_Feuerwehr_Lehrte.png\",\"width\":512,\"height\":512,\"caption\":\"Feuerwehr Arpke\"},\"image\":{\"@id\":\"https:\\\/\\\/feuerwehrarpke.de\\\/WordPress_02\\\/#\\\/schema\\\/logo\\\/image\\\/\"},\"sameAs\":[\"https:\\\/\\\/www.facebook.com\\\/ffarpke\",\"https:\\\/\\\/www.instagram.com\\\/ffarpke\\\/\"]}]}<\/script>\n<!-- \/ Yoast SEO plugin. -->","yoast_head_json":{"title":"KinderFeuerwehr - Feuerwehr Arpke","description":"Mit den Arpker Feuerwehrdrachen lernen Kinder zwischen 6 und 10 Jahren spielerisch spannendes Wissen \u00fcber die Feuerwehr! Spa\u00df garantiert!","robots":{"index":"index","follow":"follow","max-snippet":"max-snippet:-1","max-image-preview":"max-image-preview:large","max-video-preview":"max-video-preview:-1"},"canonical":"https:\/\/feuerwehrarpke.de\/WordPress_02\/kinderfeuerwehr\/","og_locale":"de_DE","og_type":"article","og_title":"KinderFeuerwehr - Feuerwehr Arpke","og_description":"Mit den Arpker Feuerwehrdrachen lernen Kinder zwischen 6 und 10 Jahren spielerisch spannendes Wissen \u00fcber die Feuerwehr! Spa\u00df garantiert!","og_url":"https:\/\/feuerwehrarpke.de\/WordPress_02\/kinderfeuerwehr\/","og_site_name":"Feuerwehr Arpke","article_publisher":"https:\/\/www.facebook.com\/ffarpke","article_modified_time":"2024-04-26T09:33:17+00:00","og_image":[{"width":500,"height":500,"url":"https:\/\/feuerwehrarpke.de\/WordPress_02\/wp-content\/uploads\/2020\/04\/10712998_632939373479388_5669404394641876392_n-1.jpg","type":"image\/jpeg"}],"twitter_misc":{"Gesch\u00e4tzte Lesezeit":"3\u00a0Minuten"},"schema":{"@context":"https:\/\/schema.org","@graph":[{"@type":"WebPage","@id":"https:\/\/feuerwehrarpke.de\/WordPress_02\/kinderfeuerwehr\/","url":"https:\/\/feuerwehrarpke.de\/WordPress_02\/kinderfeuerwehr\/","name":"KinderFeuerwehr - Feuerwehr Arpke","isPartOf":{"@id":"https:\/\/feuerwehrarpke.de\/WordPress_02\/#website"},"datePublished":"2022-08-19T11:04:17+00:00","dateModified":"2024-04-26T09:33:17+00:00","description":"Mit den Arpker Feuerwehrdrachen lernen Kinder zwischen 6 und 10 Jahren spielerisch spannendes Wissen \u00fcber die Feuerwehr! Spa\u00df garantiert!","breadcrumb":{"@id":"https:\/\/feuerwehrarpke.de\/WordPress_02\/kinderfeuerwehr\/#breadcrumb"},"inLanguage":"de","potentialAction":[{"@type":"ReadAction","target":["https:\/\/feuerwehrarpke.de\/WordPress_02\/kinderfeuerwehr\/"]}]},{"@type":"BreadcrumbList","@id":"https:\/\/feuerwehrarpke.de\/WordPress_02\/kinderfeuerwehr\/#breadcrumb","itemListElement":[{"@type":"ListItem","position":1,"name":"Startseite","item":"https:\/\/feuerwehrarpke.de\/WordPress_02\/"},{"@type":"ListItem","position":2,"name":"KinderFeuerwehr"}]},{"@type":"WebSite","@id":"https:\/\/feuerwehrarpke.de\/WordPress_02\/#website","url":"https:\/\/feuerwehrarpke.de\/WordPress_02\/","name":"Feuerwehr Arpke","description":"Homepage der Feuerwehr Arpke","publisher":{"@id":"https:\/\/feuerwehrarpke.de\/WordPress_02\/#organization"},"potentialAction":[{"@type":"SearchAction","target":{"@type":"EntryPoint","urlTemplate":"https:\/\/feuerwehrarpke.de\/WordPress_02\/?s={search_term_string}"},"query-input":{"@type":"PropertyValueSpecification","valueRequired":true,"valueName":"search_term_string"}}],"inLanguage":"de"},{"@type":"Organization","@id":"https:\/\/feuerwehrarpke.de\/WordPress_02\/#organization","name":"Feuerwehr Arpke","url":"https:\/\/feuerwehrarpke.de\/WordPress_02\/","logo":{"@type":"ImageObject","inLanguage":"de","@id":"https:\/\/feuerwehrarpke.de\/WordPress_02\/#\/schema\/logo\/image\/","url":"https:\/\/feuerwehrarpke.de\/WordPress_02\/wp-content\/uploads\/2019\/12\/Logo_Feuerwehr_Lehrte.png","contentUrl":"https:\/\/feuerwehrarpke.de\/WordPress_02\/wp-content\/uploads\/2019\/12\/Logo_Feuerwehr_Lehrte.png","width":512,"height":512,"caption":"Feuerwehr Arpke"},"image":{"@id":"https:\/\/feuerwehrarpke.de\/WordPress_02\/#\/schema\/logo\/image\/"},"sameAs":["https:\/\/www.facebook.com\/ffarpke","https:\/\/www.instagram.com\/ffarpke\/"]}]}},"builder_content":"<h3>Arpker Feuerwehrdrachen<br\/>Kinderfeuerwehr<\/h3>\n<p style=\"text-align: center;\">Wir, die Arpker Feuerwehrdrachen, wurden am 29. Mai 2010 auf dem Arpker Dorffest gegr\u00fcndet.<\/p> <p style=\"text-align: center;\">Seitdem besch\u00e4ftigen wir uns damit, den Kindern im Alter zwischen 6 und 10 Jahren, auf spielerische Weise spannendes und lehrreiches Wissen \u00fcber die Feuerwehr zu vermitteln.<\/p> <p style=\"text-align: center;\">Au\u00dferdem steht bei uns das WIR im Vordergrund, sowie Kameradschaft und der Teamgedanke um nicht nur auf die Jugend- und aktive Feuerwehr vorzubereiten, sondern auch f\u00fcr die Teambildung au\u00dferhalb der Feuerwehr im Alltag.<\/p>\n<p style=\"text-align: center;\">Wir freuen uns auch DICH bald als Feuerdrachen in unserem Team begr\u00fc\u00dfen zu d\u00fcrfen!<\/p> <p style=\"text-align: center;\">Die Dienste der Feuerdrachen finden alle 14 Tage montags von 17 \u2013 18.30 Uhr statt.<\/p> <p style=\"text-align: center;\">(Schau einfach hier im Kalender oder im Schaukasten an der Feuerwehr)<\/p>\n<ul data-id=\"tb_96d1992\" data-visible=\"1\" data-mob-visible=\"1\" data-scroll=\"1\" data-auto-scroll=\"5\" data-speed=\"1\" data-wrap=\"yes\" data-arrow=\"yes\" data-pagination=\"yes\" data-effect=\"scroll\" data-height=\"variable\" data-pause-on-hover=\"resume\" data-play-controller=\"no\" data-horizontal=\"no\" > \n <li> <img loading=\"lazy\" decoding=\"async\" src=\"https:\/\/feuerwehrarpke.de\/WordPress_02\/wp-content\/uploads\/2020\/04\/KFW8-800x400.jpg\" width=\"800\" height=\"400\" alt=\"KFW8\" srcset=\"https:\/\/feuerwehrarpke.de\/WordPress_02\/wp-content\/uploads\/2020\/04\/KFW8-800x400.jpg 800w, https:\/\/feuerwehrarpke.de\/WordPress_02\/wp-content\/uploads\/2020\/04\/KFW8-600x300.jpg 600w\" sizes=\"auto, (max-width: 800px) 100vw, 800px\" \/> <\/li> <li> <img loading=\"lazy\" decoding=\"async\" src=\"https:\/\/feuerwehrarpke.de\/WordPress_02\/wp-content\/uploads\/2020\/04\/KFW7-800x400.jpg\" width=\"800\" height=\"400\" alt=\"KFW7\" srcset=\"https:\/\/feuerwehrarpke.de\/WordPress_02\/wp-content\/uploads\/2020\/04\/KFW7-800x400.jpg 800w, https:\/\/feuerwehrarpke.de\/WordPress_02\/wp-content\/uploads\/2020\/04\/KFW7-600x300.jpg 600w\" sizes=\"auto, (max-width: 800px) 100vw, 800px\" \/> <\/li> <li> <img loading=\"lazy\" decoding=\"async\" src=\"https:\/\/feuerwehrarpke.de\/WordPress_02\/wp-content\/uploads\/2020\/04\/KFW1-1024x768-800x400.jpg\" width=\"800\" height=\"400\" alt=\"KFW1\" \/> <\/li> <li> <img loading=\"lazy\" decoding=\"async\" src=\"https:\/\/feuerwehrarpke.de\/WordPress_02\/wp-content\/uploads\/2020\/04\/KFW5-800x400.jpg\" width=\"800\" height=\"400\" alt=\"KFW5\" \/> <\/li> <li> <img loading=\"lazy\" decoding=\"async\" src=\"https:\/\/feuerwehrarpke.de\/WordPress_02\/wp-content\/uploads\/2020\/04\/KFW-1024x768-800x400.jpg\" width=\"800\" height=\"400\" alt=\"KFW\" \/> <\/li> <li> <img loading=\"lazy\" decoding=\"async\" src=\"https:\/\/feuerwehrarpke.de\/WordPress_02\/wp-content\/uploads\/2020\/04\/KFW2-800x400.jpg\" width=\"800\" height=\"400\" alt=\"KFW2\" \/> <\/li> <li> <img loading=\"lazy\" decoding=\"async\" src=\"https:\/\/feuerwehrarpke.de\/WordPress_02\/wp-content\/uploads\/2020\/04\/KFW3-800x400.jpg\" width=\"800\" height=\"400\" alt=\"KFW3\" \/> <\/li> <li> <img loading=\"lazy\" decoding=\"async\" src=\"https:\/\/feuerwehrarpke.de\/WordPress_02\/wp-content\/uploads\/2020\/04\/KFW4-800x400.jpg\" width=\"800\" height=\"400\" alt=\"KFW4\" \/> <\/li> <\/ul>","_links":{"self":[{"href":"https:\/\/feuerwehrarpke.de\/WordPress_02\/wp-json\/wp\/v2\/pages\/24233","targetHints":{"allow":["GET"]}}],"collection":[{"href":"https:\/\/feuerwehrarpke.de\/WordPress_02\/wp-json\/wp\/v2\/pages"}],"about":[{"href":"https:\/\/feuerwehrarpke.de\/WordPress_02\/wp-json\/wp\/v2\/types\/page"}],"author":[{"embeddable":true,"href":"https:\/\/feuerwehrarpke.de\/WordPress_02\/wp-json\/wp\/v2\/users\/50"}],"replies":[{"embeddable":true,"href":"https:\/\/feuerwehrarpke.de\/WordPress_02\/wp-json\/wp\/v2\/comments?post=24233"}],"version-history":[{"count":0,"href":"https:\/\/feuerwehrarpke.de\/WordPress_02\/wp-json\/wp\/v2\/pages\/24233\/revisions"}],"wp:attachment":[{"href":"https:\/\/feuerwehrarpke.de\/WordPress_02\/wp-json\/wp\/v2\/media?parent=24233"}],"curies":[{"name":"wp","href":"https:\/\/api.w.org\/{rel}","templated":true}]}}