{"id":24249,"date":"2022-08-19T13:38:19","date_gmt":"2022-08-19T11:38:19","guid":{"rendered":"https:\/\/feuerwehrarpke.de\/WordPress_02\/?page_id=24249"},"modified":"2024-04-26T11:30:35","modified_gmt":"2024-04-26T09:30:35","slug":"jugendfeuerwehr","status":"publish","type":"page","link":"https:\/\/feuerwehrarpke.de\/WordPress_02\/jugendfeuerwehr\/","title":{"rendered":"JugendFeuerwehr"},"content":{"rendered":"<div id=\"themify_builder_content-24249\" data-postid=\"24249\" class=\"themify_builder_content themify_builder_content-24249 themify_builder\">\n    \t<!-- module_row -->\n\t<div  class=\"themify_builder_row module_row clearfix module_row_0 themify_builder_24249_row module_row_24249-0 tb_w67s740\">\n\t    \t    <div class=\"row_inner col_align_top\" >\n\t\t\t<div  class=\"module_column tb-column col-full first tb_24249_column module_column_0 module_column_24249-0-0 tb_59bd741\">\n\t    \t    \t        <div class=\"tb-column-inner\">\n\t\t            <!-- module fancy heading -->\n    <div  class=\"module module-fancy-heading tb_as8u470  \">\n\t        <h3 class=\"fancy-heading tb-align-center\">\n        <span  class=\"main-head\">\n            Arpke        <\/span>\n        <span class=\"sub-head\">\n            Jugendfeuerwehr        <\/span>\n\n        <\/h3>\n    <\/div>\n    <!-- \/module fancy heading -->\n\t        <\/div>\n\t    \t<\/div>\n\t\t    <\/div>\n\t    <!-- \/row_inner -->\n\t<\/div>\n\t<!-- \/module_row -->\n\t\t<!-- module_row -->\n\t<div  class=\"themify_builder_row module_row clearfix module_row_1 themify_builder_24249_row module_row_24249-1 tb_ljh9414\">\n\t    \t    <div class=\"row_inner col_align_top\" >\n\t\t\t<div  class=\"module_column tb-column col-full first tb_24249_column module_column_0 module_column_24249-1-0 tb_hz17414\">\n\t    \t    \t        <div class=\"tb-column-inner\">\n\t\t    <!-- module text -->\n<div  class=\"module module-text tb_gb3a932  repeat  \">\n            <div  class=\"tb_text_wrap\">\n    <p style=\"text-align: center;\">Hier erf\u00e4hrst du etwas \u00fcber Teamwork, Disziplin, Spa\u00df am Ehrenamt und Verantwortungsbewusstsein. Seit der Gr\u00fcndung der Jugendfeuerwehr Arpke geh\u00f6ren diese Punkte zu den Kernpunkten in unserer Arbeit.<\/p>\n<p style=\"text-align: center;\">Jedes Jahr stehen\u00a0neben dem normalen Dienst, Ausfl\u00fcge und Wettbewerbe auf unserem Plan.<\/p>\n<p style=\"text-align: center;\">Falls du Interesse hast und dich angesprochen f\u00fchlst, schau einfach mal vorbei! Mitmachen k\u00f6nnen alle zwischen 10 und 16 Jahren.<\/p>\n<p style=\"text-align: center;\">Jeden Montag von 18:00 Uhr bis 20:00 Uhr am Feuerwehrhaus, au\u00dfer in den Ferien.<\/p>    <\/div>\n<\/div>\n<!-- \/module text -->\n\t        <\/div>\n\t    \t<\/div>\n\t\t    <\/div>\n\t    <!-- \/row_inner -->\n\t<\/div>\n\t<!-- \/module_row -->\n\t\t<!-- module_row -->\n\t<div  class=\"themify_builder_row module_row clearfix module_row_2 themify_builder_24249_row module_row_24249-2 tb_903v680\">\n\t    \t    <div class=\"row_inner col_align_top\" >\n\t\t\t<div  class=\"module_column tb-column col-full first tb_24249_column module_column_0 module_column_24249-2-0 tb_aqe4681\">\n\t    \t    \t        <div class=\"tb-column-inner\">\n\t\t        <!-- module image -->\n    <div  class=\"module module-image tb_sbx4737  image-center  \">\n\t                <div class=\"image-wrap\">\n                            <img loading=\"lazy\" decoding=\"async\" src=\"https:\/\/feuerwehrarpke.de\/WordPress_02\/wp-content\/uploads\/2018\/08\/Jugendw1-1-1024x768-800x400.jpg\" width=\"800\" height=\"400\" class=\" wp-post-image wp-image-1390\" alt=\"Jugendw1\" \/>            \n                        <\/div>\n            <!-- \/image-wrap -->\n        \n        \n        <\/div>\n    <!-- \/module image -->\n\t        <\/div>\n\t    \t<\/div>\n\t\t    <\/div>\n\t    <!-- \/row_inner -->\n\t<\/div>\n\t<!-- \/module_row -->\n\t<\/div>\n\n","protected":false},"excerpt":{"rendered":"<p>Hier erf\u00e4hrst du etwas \u00fcber Teamwork, Disziplin, Spa\u00df am Ehrenamt und Verantwortungsbewusstsein. Seit der Gr\u00fcndung der Jugendfeuerwehr Arpke geh\u00f6ren diese Punkte zu den Kernpunkten in unserer Arbeit. Jedes Jahr stehen\u00a0neben [&hellip;]<\/p>\n","protected":false},"author":50,"featured_media":0,"parent":0,"menu_order":0,"comment_status":"closed","ping_status":"closed","template":"","meta":{"footnotes":""},"class_list":["post-24249","page","type-page","status-publish","hentry","has-post-title","has-post-date","has-post-category","has-post-tag","has-post-comment","has-post-author",""],"yoast_head":"<!-- This site is optimized with the Yoast SEO plugin v27.4 - https:\/\/yoast.com\/product\/yoast-seo-wordpress\/ -->\n<title>JugendFeuerwehr - Feuerwehr Arpke<\/title>\n<meta name=\"description\" content=\"Teamwork, Disziplin, Spa\u00df am Ehrenamt und Verantwortungsbewusstsein. Das macht unsere Jugendfeuerwehr aus. Schau doch gerne vorbei!\" \/>\n<meta name=\"robots\" content=\"index, follow, max-snippet:-1, max-image-preview:large, max-video-preview:-1\" \/>\n<link rel=\"canonical\" href=\"https:\/\/feuerwehrarpke.de\/WordPress_02\/jugendfeuerwehr\/\" \/>\n<meta property=\"og:locale\" content=\"de_DE\" \/>\n<meta property=\"og:type\" content=\"article\" \/>\n<meta property=\"og:title\" content=\"JugendFeuerwehr - Feuerwehr Arpke\" \/>\n<meta property=\"og:description\" content=\"Teamwork, Disziplin, Spa\u00df am Ehrenamt und Verantwortungsbewusstsein. Das macht unsere Jugendfeuerwehr aus. Schau doch gerne vorbei!\" \/>\n<meta property=\"og:url\" content=\"https:\/\/feuerwehrarpke.de\/WordPress_02\/jugendfeuerwehr\/\" \/>\n<meta property=\"og:site_name\" content=\"Feuerwehr Arpke\" \/>\n<meta property=\"article:publisher\" content=\"https:\/\/www.facebook.com\/ffarpke\" \/>\n<meta property=\"article:modified_time\" content=\"2024-04-26T09:30:35+00:00\" \/>\n<meta property=\"og:image\" content=\"https:\/\/feuerwehrarpke.de\/WordPress_02\/wp-content\/uploads\/2020\/04\/10712998_632939373479388_5669404394641876392_n-1.jpg\" \/>\n\t<meta property=\"og:image:width\" content=\"500\" \/>\n\t<meta property=\"og:image:height\" content=\"500\" \/>\n\t<meta property=\"og:image:type\" content=\"image\/jpeg\" \/>\n<meta name=\"twitter:label1\" content=\"Gesch\u00e4tzte Lesezeit\" \/>\n\t<meta name=\"twitter:data1\" content=\"1\u00a0Minute\" \/>\n<script type=\"application\/ld+json\" class=\"yoast-schema-graph\">{\"@context\":\"https:\\\/\\\/schema.org\",\"@graph\":[{\"@type\":\"WebPage\",\"@id\":\"https:\\\/\\\/feuerwehrarpke.de\\\/WordPress_02\\\/jugendfeuerwehr\\\/\",\"url\":\"https:\\\/\\\/feuerwehrarpke.de\\\/WordPress_02\\\/jugendfeuerwehr\\\/\",\"name\":\"JugendFeuerwehr - Feuerwehr Arpke\",\"isPartOf\":{\"@id\":\"https:\\\/\\\/feuerwehrarpke.de\\\/WordPress_02\\\/#website\"},\"datePublished\":\"2022-08-19T11:38:19+00:00\",\"dateModified\":\"2024-04-26T09:30:35+00:00\",\"description\":\"Teamwork, Disziplin, Spa\u00df am Ehrenamt und Verantwortungsbewusstsein. Das macht unsere Jugendfeuerwehr aus. Schau doch gerne vorbei!\",\"breadcrumb\":{\"@id\":\"https:\\\/\\\/feuerwehrarpke.de\\\/WordPress_02\\\/jugendfeuerwehr\\\/#breadcrumb\"},\"inLanguage\":\"de\",\"potentialAction\":[{\"@type\":\"ReadAction\",\"target\":[\"https:\\\/\\\/feuerwehrarpke.de\\\/WordPress_02\\\/jugendfeuerwehr\\\/\"]}]},{\"@type\":\"BreadcrumbList\",\"@id\":\"https:\\\/\\\/feuerwehrarpke.de\\\/WordPress_02\\\/jugendfeuerwehr\\\/#breadcrumb\",\"itemListElement\":[{\"@type\":\"ListItem\",\"position\":1,\"name\":\"Startseite\",\"item\":\"https:\\\/\\\/feuerwehrarpke.de\\\/WordPress_02\\\/\"},{\"@type\":\"ListItem\",\"position\":2,\"name\":\"JugendFeuerwehr\"}]},{\"@type\":\"WebSite\",\"@id\":\"https:\\\/\\\/feuerwehrarpke.de\\\/WordPress_02\\\/#website\",\"url\":\"https:\\\/\\\/feuerwehrarpke.de\\\/WordPress_02\\\/\",\"name\":\"Feuerwehr Arpke\",\"description\":\"Homepage der Feuerwehr Arpke\",\"publisher\":{\"@id\":\"https:\\\/\\\/feuerwehrarpke.de\\\/WordPress_02\\\/#organization\"},\"potentialAction\":[{\"@type\":\"SearchAction\",\"target\":{\"@type\":\"EntryPoint\",\"urlTemplate\":\"https:\\\/\\\/feuerwehrarpke.de\\\/WordPress_02\\\/?s={search_term_string}\"},\"query-input\":{\"@type\":\"PropertyValueSpecification\",\"valueRequired\":true,\"valueName\":\"search_term_string\"}}],\"inLanguage\":\"de\"},{\"@type\":\"Organization\",\"@id\":\"https:\\\/\\\/feuerwehrarpke.de\\\/WordPress_02\\\/#organization\",\"name\":\"Feuerwehr Arpke\",\"url\":\"https:\\\/\\\/feuerwehrarpke.de\\\/WordPress_02\\\/\",\"logo\":{\"@type\":\"ImageObject\",\"inLanguage\":\"de\",\"@id\":\"https:\\\/\\\/feuerwehrarpke.de\\\/WordPress_02\\\/#\\\/schema\\\/logo\\\/image\\\/\",\"url\":\"https:\\\/\\\/feuerwehrarpke.de\\\/WordPress_02\\\/wp-content\\\/uploads\\\/2019\\\/12\\\/Logo_Feuerwehr_Lehrte.png\",\"contentUrl\":\"https:\\\/\\\/feuerwehrarpke.de\\\/WordPress_02\\\/wp-content\\\/uploads\\\/2019\\\/12\\\/Logo_Feuerwehr_Lehrte.png\",\"width\":512,\"height\":512,\"caption\":\"Feuerwehr Arpke\"},\"image\":{\"@id\":\"https:\\\/\\\/feuerwehrarpke.de\\\/WordPress_02\\\/#\\\/schema\\\/logo\\\/image\\\/\"},\"sameAs\":[\"https:\\\/\\\/www.facebook.com\\\/ffarpke\",\"https:\\\/\\\/www.instagram.com\\\/ffarpke\\\/\"]}]}<\/script>\n<!-- \/ Yoast SEO plugin. -->","yoast_head_json":{"title":"JugendFeuerwehr - Feuerwehr Arpke","description":"Teamwork, Disziplin, Spa\u00df am Ehrenamt und Verantwortungsbewusstsein. Das macht unsere Jugendfeuerwehr aus. Schau doch gerne vorbei!","robots":{"index":"index","follow":"follow","max-snippet":"max-snippet:-1","max-image-preview":"max-image-preview:large","max-video-preview":"max-video-preview:-1"},"canonical":"https:\/\/feuerwehrarpke.de\/WordPress_02\/jugendfeuerwehr\/","og_locale":"de_DE","og_type":"article","og_title":"JugendFeuerwehr - Feuerwehr Arpke","og_description":"Teamwork, Disziplin, Spa\u00df am Ehrenamt und Verantwortungsbewusstsein. Das macht unsere Jugendfeuerwehr aus. Schau doch gerne vorbei!","og_url":"https:\/\/feuerwehrarpke.de\/WordPress_02\/jugendfeuerwehr\/","og_site_name":"Feuerwehr Arpke","article_publisher":"https:\/\/www.facebook.com\/ffarpke","article_modified_time":"2024-04-26T09:30:35+00:00","og_image":[{"width":500,"height":500,"url":"https:\/\/feuerwehrarpke.de\/WordPress_02\/wp-content\/uploads\/2020\/04\/10712998_632939373479388_5669404394641876392_n-1.jpg","type":"image\/jpeg"}],"twitter_misc":{"Gesch\u00e4tzte Lesezeit":"1\u00a0Minute"},"schema":{"@context":"https:\/\/schema.org","@graph":[{"@type":"WebPage","@id":"https:\/\/feuerwehrarpke.de\/WordPress_02\/jugendfeuerwehr\/","url":"https:\/\/feuerwehrarpke.de\/WordPress_02\/jugendfeuerwehr\/","name":"JugendFeuerwehr - Feuerwehr Arpke","isPartOf":{"@id":"https:\/\/feuerwehrarpke.de\/WordPress_02\/#website"},"datePublished":"2022-08-19T11:38:19+00:00","dateModified":"2024-04-26T09:30:35+00:00","description":"Teamwork, Disziplin, Spa\u00df am Ehrenamt und Verantwortungsbewusstsein. Das macht unsere Jugendfeuerwehr aus. Schau doch gerne vorbei!","breadcrumb":{"@id":"https:\/\/feuerwehrarpke.de\/WordPress_02\/jugendfeuerwehr\/#breadcrumb"},"inLanguage":"de","potentialAction":[{"@type":"ReadAction","target":["https:\/\/feuerwehrarpke.de\/WordPress_02\/jugendfeuerwehr\/"]}]},{"@type":"BreadcrumbList","@id":"https:\/\/feuerwehrarpke.de\/WordPress_02\/jugendfeuerwehr\/#breadcrumb","itemListElement":[{"@type":"ListItem","position":1,"name":"Startseite","item":"https:\/\/feuerwehrarpke.de\/WordPress_02\/"},{"@type":"ListItem","position":2,"name":"JugendFeuerwehr"}]},{"@type":"WebSite","@id":"https:\/\/feuerwehrarpke.de\/WordPress_02\/#website","url":"https:\/\/feuerwehrarpke.de\/WordPress_02\/","name":"Feuerwehr Arpke","description":"Homepage der Feuerwehr Arpke","publisher":{"@id":"https:\/\/feuerwehrarpke.de\/WordPress_02\/#organization"},"potentialAction":[{"@type":"SearchAction","target":{"@type":"EntryPoint","urlTemplate":"https:\/\/feuerwehrarpke.de\/WordPress_02\/?s={search_term_string}"},"query-input":{"@type":"PropertyValueSpecification","valueRequired":true,"valueName":"search_term_string"}}],"inLanguage":"de"},{"@type":"Organization","@id":"https:\/\/feuerwehrarpke.de\/WordPress_02\/#organization","name":"Feuerwehr Arpke","url":"https:\/\/feuerwehrarpke.de\/WordPress_02\/","logo":{"@type":"ImageObject","inLanguage":"de","@id":"https:\/\/feuerwehrarpke.de\/WordPress_02\/#\/schema\/logo\/image\/","url":"https:\/\/feuerwehrarpke.de\/WordPress_02\/wp-content\/uploads\/2019\/12\/Logo_Feuerwehr_Lehrte.png","contentUrl":"https:\/\/feuerwehrarpke.de\/WordPress_02\/wp-content\/uploads\/2019\/12\/Logo_Feuerwehr_Lehrte.png","width":512,"height":512,"caption":"Feuerwehr Arpke"},"image":{"@id":"https:\/\/feuerwehrarpke.de\/WordPress_02\/#\/schema\/logo\/image\/"},"sameAs":["https:\/\/www.facebook.com\/ffarpke","https:\/\/www.instagram.com\/ffarpke\/"]}]}},"builder_content":"<h3>Arpke<br\/>Jugendfeuerwehr<\/h3>\n<p style=\"text-align: center;\">Hier erf\u00e4hrst du etwas \u00fcber Teamwork, Disziplin, Spa\u00df am Ehrenamt und Verantwortungsbewusstsein. Seit der Gr\u00fcndung der Jugendfeuerwehr Arpke geh\u00f6ren diese Punkte zu den Kernpunkten in unserer Arbeit.<\/p> <p style=\"text-align: center;\">Jedes Jahr stehen\u00a0neben dem normalen Dienst, Ausfl\u00fcge und Wettbewerbe auf unserem Plan.<\/p> <p style=\"text-align: center;\">Falls du Interesse hast und dich angesprochen f\u00fchlst, schau einfach mal vorbei! Mitmachen k\u00f6nnen alle zwischen 10 und 16 Jahren.<\/p> <p style=\"text-align: center;\">Jeden Montag von 18:00 Uhr bis 20:00 Uhr am Feuerwehrhaus, au\u00dfer in den Ferien.<\/p>\n<img loading=\"lazy\" decoding=\"async\" src=\"https:\/\/feuerwehrarpke.de\/WordPress_02\/wp-content\/uploads\/2018\/08\/Jugendw1-1-1024x768-800x400.jpg\" width=\"800\" height=\"400\" alt=\"Jugendw1\" \/>","_links":{"self":[{"href":"https:\/\/feuerwehrarpke.de\/WordPress_02\/wp-json\/wp\/v2\/pages\/24249","targetHints":{"allow":["GET"]}}],"collection":[{"href":"https:\/\/feuerwehrarpke.de\/WordPress_02\/wp-json\/wp\/v2\/pages"}],"about":[{"href":"https:\/\/feuerwehrarpke.de\/WordPress_02\/wp-json\/wp\/v2\/types\/page"}],"author":[{"embeddable":true,"href":"https:\/\/feuerwehrarpke.de\/WordPress_02\/wp-json\/wp\/v2\/users\/50"}],"replies":[{"embeddable":true,"href":"https:\/\/feuerwehrarpke.de\/WordPress_02\/wp-json\/wp\/v2\/comments?post=24249"}],"version-history":[{"count":0,"href":"https:\/\/feuerwehrarpke.de\/WordPress_02\/wp-json\/wp\/v2\/pages\/24249\/revisions"}],"wp:attachment":[{"href":"https:\/\/feuerwehrarpke.de\/WordPress_02\/wp-json\/wp\/v2\/media?parent=24249"}],"curies":[{"name":"wp","href":"https:\/\/api.w.org\/{rel}","templated":true}]}}