{"id":25039,"date":"2024-06-15T12:48:48","date_gmt":"2024-06-15T10:48:48","guid":{"rendered":"https:\/\/feuerwehrarpke.de\/WordPress_02\/?page_id=25039"},"modified":"2024-06-15T13:38:57","modified_gmt":"2024-06-15T11:38:57","slug":"antragsformular-foerderverein","status":"publish","type":"page","link":"https:\/\/feuerwehrarpke.de\/WordPress_02\/antragsformular-foerderverein\/","title":{"rendered":"Antragsformular F\u00f6rderverein"},"content":{"rendered":"<div id=\"themify_builder_content-25039\" data-postid=\"25039\" class=\"themify_builder_content themify_builder_content-25039 themify_builder\">\n    \t<!-- module_row -->\n\t<div  class=\"themify_builder_row module_row clearfix module_row_0 themify_builder_25039_row module_row_25039-0 tb_ke2e28\">\n\t    \t    <div class=\"row_inner col_align_top\" >\n\t\t\t<div  class=\"module_column tb-column col-full first tb_25039_column module_column_0 module_column_25039-0-0 tb_gakp28\">\n\t    \t    \t        <div class=\"tb-column-inner\">\n\t\t            <!-- module fancy heading -->\n    <div  class=\"module module-fancy-heading tb_guzv805  \">\n\t        <h3 class=\"fancy-heading tb-align-center\">\n        <span  class=\"main-head\">\n            F\u00f6rderverein Arpke        <\/span>\n        <span class=\"sub-head\">\n            Werde Mitglied und unterst\u00fctze unsere Feuerwehr        <\/span>\n\n        <\/h3>\n    <\/div>\n    <!-- \/module fancy heading -->\n\t        <\/div>\n\t    \t<\/div>\n\t\t    <\/div>\n\t    <!-- \/row_inner -->\n\t<\/div>\n\t<!-- \/module_row -->\n\t\t<!-- module_row -->\n\t<div  class=\"themify_builder_row module_row clearfix module_row_1 themify_builder_25039_row module_row_25039-1 tb_8ezp629\">\n\t    \t    <div class=\"row_inner col_align_top\" >\n\t\t\t<div  class=\"module_column tb-column col-full first tb_25039_column module_column_0 module_column_25039-1-0 tb_qp2p630\">\n\t    \t    \t        <div class=\"tb-column-inner\">\n\t\t    <!-- module plain text -->\n<div  class=\"module module-plain-text tb_8qqm567  \">\n        <div class=\"tb_text_wrap\" >\n\tEinfach das nachfolgende PDF-Dokument herunterladen und ausgef\u00fcllt und unterschrieben per E-Mail an thomasst61@yahoo.de senden.    <\/div>\n<\/div>\n<!-- \/module plain text -->\t        <\/div>\n\t    \t<\/div>\n\t\t    <\/div>\n\t    <!-- \/row_inner -->\n\t<\/div>\n\t<!-- \/module_row -->\n\t<\/div>\n\n\n\n\n<div style=\"width: 100vw; display: flex; justify-content: center; margin-bottom: 5vh\">\n    <a aria-describedby=\"wp-block-file--media-14badd4e-a52c-4ffa-becc-1b7d44774a57\"\n       class=\"wp-block-file__button wp-element-button\" download\n       href=\"https:\/\/feuerwehrarpke.de\/WordPress_02\/wp-content\/uploads\/2024\/06\/Aufnahmeantrag-1.pdf\" style=\"padding: 1vh\">Herunterladen<\/a>\n<\/div>\n<div class=\"wp-block-file\" style=\"display: flex; justify-content: center; height: 100vh; width: 100vw\">\n\n    <object aria-label=\"<strong&gt;<mark style=&quot;background-color:rgba(0, 0, 0, 0)&quot; class=&quot;has-inline-color has-black-color&quot;&gt;Antragsformular<\/mark&gt;<\/strong&gt;\"\n            class=\"wp-block-file__embed\"\n            data=\"https:\/\/feuerwehrarpke.de\/WordPress_02\/wp-content\/uploads\/2024\/06\/Aufnahmeantrag-1.pdf\" style=\"width:50%; height: 100%\"\n            type=\"application\/pdf\">\n\n    <\/object>\n<\/div>\n","protected":false},"excerpt":{"rendered":"<p>Herunterladen<\/p>\n","protected":false},"author":50,"featured_media":0,"parent":0,"menu_order":0,"comment_status":"closed","ping_status":"closed","template":"","meta":{"footnotes":""},"class_list":["post-25039","page","type-page","status-publish","hentry","has-post-title","has-post-date","has-post-category","has-post-tag","has-post-comment","has-post-author",""],"yoast_head":"<!-- This site is optimized with the Yoast SEO plugin v27.4 - https:\/\/yoast.com\/product\/yoast-seo-wordpress\/ -->\n<title>Antragsformular F\u00f6rderverein - Feuerwehr Arpke<\/title>\n<meta name=\"description\" content=\"Werde Mitglied im F\u00f6rderverein Arpke und unterst\u00fctze deine lokale Feuerwehr\" \/>\n<meta name=\"robots\" content=\"index, follow, max-snippet:-1, max-image-preview:large, max-video-preview:-1\" \/>\n<link rel=\"canonical\" href=\"https:\/\/feuerwehrarpke.de\/WordPress_02\/antragsformular-foerderverein\/\" \/>\n<meta property=\"og:locale\" content=\"de_DE\" \/>\n<meta property=\"og:type\" content=\"article\" \/>\n<meta property=\"og:title\" content=\"Antragsformular F\u00f6rderverein - Feuerwehr Arpke\" \/>\n<meta property=\"og:description\" content=\"Werde Mitglied im F\u00f6rderverein Arpke und unterst\u00fctze deine lokale Feuerwehr\" \/>\n<meta property=\"og:url\" content=\"https:\/\/feuerwehrarpke.de\/WordPress_02\/antragsformular-foerderverein\/\" \/>\n<meta property=\"og:site_name\" content=\"Feuerwehr Arpke\" \/>\n<meta property=\"article:publisher\" content=\"https:\/\/www.facebook.com\/ffarpke\" \/>\n<meta property=\"article:modified_time\" content=\"2024-06-15T11:38:57+00:00\" \/>\n<meta property=\"og:image\" content=\"https:\/\/feuerwehrarpke.de\/WordPress_02\/wp-content\/uploads\/2020\/04\/10712998_632939373479388_5669404394641876392_n-1.jpg\" \/>\n\t<meta property=\"og:image:width\" content=\"500\" \/>\n\t<meta property=\"og:image:height\" content=\"500\" \/>\n\t<meta property=\"og:image:type\" content=\"image\/jpeg\" \/>\n<meta name=\"twitter:label1\" content=\"Gesch\u00e4tzte Lesezeit\" \/>\n\t<meta name=\"twitter:data1\" content=\"1\u00a0Minute\" \/>\n<script type=\"application\/ld+json\" class=\"yoast-schema-graph\">{\"@context\":\"https:\\\/\\\/schema.org\",\"@graph\":[{\"@type\":\"WebPage\",\"@id\":\"https:\\\/\\\/feuerwehrarpke.de\\\/WordPress_02\\\/antragsformular-foerderverein\\\/\",\"url\":\"https:\\\/\\\/feuerwehrarpke.de\\\/WordPress_02\\\/antragsformular-foerderverein\\\/\",\"name\":\"Antragsformular F\u00f6rderverein - Feuerwehr Arpke\",\"isPartOf\":{\"@id\":\"https:\\\/\\\/feuerwehrarpke.de\\\/WordPress_02\\\/#website\"},\"datePublished\":\"2024-06-15T10:48:48+00:00\",\"dateModified\":\"2024-06-15T11:38:57+00:00\",\"description\":\"Werde Mitglied im F\u00f6rderverein Arpke und unterst\u00fctze deine lokale Feuerwehr\",\"breadcrumb\":{\"@id\":\"https:\\\/\\\/feuerwehrarpke.de\\\/WordPress_02\\\/antragsformular-foerderverein\\\/#breadcrumb\"},\"inLanguage\":\"de\",\"potentialAction\":[{\"@type\":\"ReadAction\",\"target\":[\"https:\\\/\\\/feuerwehrarpke.de\\\/WordPress_02\\\/antragsformular-foerderverein\\\/\"]}]},{\"@type\":\"BreadcrumbList\",\"@id\":\"https:\\\/\\\/feuerwehrarpke.de\\\/WordPress_02\\\/antragsformular-foerderverein\\\/#breadcrumb\",\"itemListElement\":[{\"@type\":\"ListItem\",\"position\":1,\"name\":\"Startseite\",\"item\":\"https:\\\/\\\/feuerwehrarpke.de\\\/WordPress_02\\\/\"},{\"@type\":\"ListItem\",\"position\":2,\"name\":\"Antragsformular F\u00f6rderverein\"}]},{\"@type\":\"WebSite\",\"@id\":\"https:\\\/\\\/feuerwehrarpke.de\\\/WordPress_02\\\/#website\",\"url\":\"https:\\\/\\\/feuerwehrarpke.de\\\/WordPress_02\\\/\",\"name\":\"Feuerwehr Arpke\",\"description\":\"Homepage der Feuerwehr Arpke\",\"publisher\":{\"@id\":\"https:\\\/\\\/feuerwehrarpke.de\\\/WordPress_02\\\/#organization\"},\"potentialAction\":[{\"@type\":\"SearchAction\",\"target\":{\"@type\":\"EntryPoint\",\"urlTemplate\":\"https:\\\/\\\/feuerwehrarpke.de\\\/WordPress_02\\\/?s={search_term_string}\"},\"query-input\":{\"@type\":\"PropertyValueSpecification\",\"valueRequired\":true,\"valueName\":\"search_term_string\"}}],\"inLanguage\":\"de\"},{\"@type\":\"Organization\",\"@id\":\"https:\\\/\\\/feuerwehrarpke.de\\\/WordPress_02\\\/#organization\",\"name\":\"Feuerwehr Arpke\",\"url\":\"https:\\\/\\\/feuerwehrarpke.de\\\/WordPress_02\\\/\",\"logo\":{\"@type\":\"ImageObject\",\"inLanguage\":\"de\",\"@id\":\"https:\\\/\\\/feuerwehrarpke.de\\\/WordPress_02\\\/#\\\/schema\\\/logo\\\/image\\\/\",\"url\":\"https:\\\/\\\/feuerwehrarpke.de\\\/WordPress_02\\\/wp-content\\\/uploads\\\/2019\\\/12\\\/Logo_Feuerwehr_Lehrte.png\",\"contentUrl\":\"https:\\\/\\\/feuerwehrarpke.de\\\/WordPress_02\\\/wp-content\\\/uploads\\\/2019\\\/12\\\/Logo_Feuerwehr_Lehrte.png\",\"width\":512,\"height\":512,\"caption\":\"Feuerwehr Arpke\"},\"image\":{\"@id\":\"https:\\\/\\\/feuerwehrarpke.de\\\/WordPress_02\\\/#\\\/schema\\\/logo\\\/image\\\/\"},\"sameAs\":[\"https:\\\/\\\/www.facebook.com\\\/ffarpke\",\"https:\\\/\\\/www.instagram.com\\\/ffarpke\\\/\"]}]}<\/script>\n<!-- \/ Yoast SEO plugin. -->","yoast_head_json":{"title":"Antragsformular F\u00f6rderverein - Feuerwehr Arpke","description":"Werde Mitglied im F\u00f6rderverein Arpke und unterst\u00fctze deine lokale Feuerwehr","robots":{"index":"index","follow":"follow","max-snippet":"max-snippet:-1","max-image-preview":"max-image-preview:large","max-video-preview":"max-video-preview:-1"},"canonical":"https:\/\/feuerwehrarpke.de\/WordPress_02\/antragsformular-foerderverein\/","og_locale":"de_DE","og_type":"article","og_title":"Antragsformular F\u00f6rderverein - Feuerwehr Arpke","og_description":"Werde Mitglied im F\u00f6rderverein Arpke und unterst\u00fctze deine lokale Feuerwehr","og_url":"https:\/\/feuerwehrarpke.de\/WordPress_02\/antragsformular-foerderverein\/","og_site_name":"Feuerwehr Arpke","article_publisher":"https:\/\/www.facebook.com\/ffarpke","article_modified_time":"2024-06-15T11:38:57+00:00","og_image":[{"width":500,"height":500,"url":"https:\/\/feuerwehrarpke.de\/WordPress_02\/wp-content\/uploads\/2020\/04\/10712998_632939373479388_5669404394641876392_n-1.jpg","type":"image\/jpeg"}],"twitter_misc":{"Gesch\u00e4tzte Lesezeit":"1\u00a0Minute"},"schema":{"@context":"https:\/\/schema.org","@graph":[{"@type":"WebPage","@id":"https:\/\/feuerwehrarpke.de\/WordPress_02\/antragsformular-foerderverein\/","url":"https:\/\/feuerwehrarpke.de\/WordPress_02\/antragsformular-foerderverein\/","name":"Antragsformular F\u00f6rderverein - Feuerwehr Arpke","isPartOf":{"@id":"https:\/\/feuerwehrarpke.de\/WordPress_02\/#website"},"datePublished":"2024-06-15T10:48:48+00:00","dateModified":"2024-06-15T11:38:57+00:00","description":"Werde Mitglied im F\u00f6rderverein Arpke und unterst\u00fctze deine lokale Feuerwehr","breadcrumb":{"@id":"https:\/\/feuerwehrarpke.de\/WordPress_02\/antragsformular-foerderverein\/#breadcrumb"},"inLanguage":"de","potentialAction":[{"@type":"ReadAction","target":["https:\/\/feuerwehrarpke.de\/WordPress_02\/antragsformular-foerderverein\/"]}]},{"@type":"BreadcrumbList","@id":"https:\/\/feuerwehrarpke.de\/WordPress_02\/antragsformular-foerderverein\/#breadcrumb","itemListElement":[{"@type":"ListItem","position":1,"name":"Startseite","item":"https:\/\/feuerwehrarpke.de\/WordPress_02\/"},{"@type":"ListItem","position":2,"name":"Antragsformular F\u00f6rderverein"}]},{"@type":"WebSite","@id":"https:\/\/feuerwehrarpke.de\/WordPress_02\/#website","url":"https:\/\/feuerwehrarpke.de\/WordPress_02\/","name":"Feuerwehr Arpke","description":"Homepage der Feuerwehr Arpke","publisher":{"@id":"https:\/\/feuerwehrarpke.de\/WordPress_02\/#organization"},"potentialAction":[{"@type":"SearchAction","target":{"@type":"EntryPoint","urlTemplate":"https:\/\/feuerwehrarpke.de\/WordPress_02\/?s={search_term_string}"},"query-input":{"@type":"PropertyValueSpecification","valueRequired":true,"valueName":"search_term_string"}}],"inLanguage":"de"},{"@type":"Organization","@id":"https:\/\/feuerwehrarpke.de\/WordPress_02\/#organization","name":"Feuerwehr Arpke","url":"https:\/\/feuerwehrarpke.de\/WordPress_02\/","logo":{"@type":"ImageObject","inLanguage":"de","@id":"https:\/\/feuerwehrarpke.de\/WordPress_02\/#\/schema\/logo\/image\/","url":"https:\/\/feuerwehrarpke.de\/WordPress_02\/wp-content\/uploads\/2019\/12\/Logo_Feuerwehr_Lehrte.png","contentUrl":"https:\/\/feuerwehrarpke.de\/WordPress_02\/wp-content\/uploads\/2019\/12\/Logo_Feuerwehr_Lehrte.png","width":512,"height":512,"caption":"Feuerwehr Arpke"},"image":{"@id":"https:\/\/feuerwehrarpke.de\/WordPress_02\/#\/schema\/logo\/image\/"},"sameAs":["https:\/\/www.facebook.com\/ffarpke","https:\/\/www.instagram.com\/ffarpke\/"]}]}},"builder_content":"<h3>F\u00f6rderverein Arpke<br\/>Werde Mitglied und unterst\u00fctze unsere Feuerwehr<\/h3>\nEinfach das nachfolgende PDF-Dokument herunterladen und ausgef\u00fcllt und unterschrieben per E-Mail an thomasst61@yahoo.de senden.","_links":{"self":[{"href":"https:\/\/feuerwehrarpke.de\/WordPress_02\/wp-json\/wp\/v2\/pages\/25039","targetHints":{"allow":["GET"]}}],"collection":[{"href":"https:\/\/feuerwehrarpke.de\/WordPress_02\/wp-json\/wp\/v2\/pages"}],"about":[{"href":"https:\/\/feuerwehrarpke.de\/WordPress_02\/wp-json\/wp\/v2\/types\/page"}],"author":[{"embeddable":true,"href":"https:\/\/feuerwehrarpke.de\/WordPress_02\/wp-json\/wp\/v2\/users\/50"}],"replies":[{"embeddable":true,"href":"https:\/\/feuerwehrarpke.de\/WordPress_02\/wp-json\/wp\/v2\/comments?post=25039"}],"version-history":[{"count":0,"href":"https:\/\/feuerwehrarpke.de\/WordPress_02\/wp-json\/wp\/v2\/pages\/25039\/revisions"}],"wp:attachment":[{"href":"https:\/\/feuerwehrarpke.de\/WordPress_02\/wp-json\/wp\/v2\/media?parent=25039"}],"curies":[{"name":"wp","href":"https:\/\/api.w.org\/{rel}","templated":true}]}}